alse
Is 86459627 a composite number?
True
Is 86031763 a composite number?
False
Is 4824151 composite?
False
Is 3364763 a prime number?
True
Is 1330717 composite?
True
Is 6838937 prime?
False
Is 3342593 a composite number?
True
Is 467431 prime?
True
Is 4572341 prime?
False
Is 21705563 a composite number?
True
Is 676715035 prime?
False
Is 5019431 prime?
True
Is 19972291 a prime number?
True
Is 59105749 prime?
True
Is 199997755 a composite number?
True
Is 44619569 a composite number?
True
Is 41128517 a prime number?
True
Is 4836851 a prime number?
False
Is 15569405 a prime number?
False
Is 1137593 a prime number?
False
Is 1310737 a composite number?
True
Is 106358867 a composite number?
False
Is 62201203 a prime number?
False
Is 92569907 a composite number?
False
Is 39521137 prime?
True
Is 10782601 composite?
False
Is 45272813 prime?
True
Is 6297243 a composite number?
True
Is 15025137 prime?
False
Is 19300802 a composite number?
True
Is 30074251 a prime number?
False
Is 215215649 composite?
True
Is 86067665 prime?
False
Is 18224417 composite?
False
Is 14979101 prime?
False
Is 4092811 composite?
False
Is 117497323 a composite number?
True
Is 14444513 composite?
True
Is 259111523 a composite number?
True
Is 18261463 a prime number?
False
Is 526477001 a prime number?
False
Is 10490003 a composite number?
True
Is 137583269 composite?
False
Is 288137 a composite number?
False
Is 2906401 a prime number?
True
Is 2606533 a composite number?
True
Is 30184183 prime?
False
Is 75780391 a composite number?
False
Is 6900251 prime?
False
Is 302068511 composite?
False
Is 623369 composite?
True
Is 822674 composite?
True
Is 81826513 a composite number?
False
Is 12067631 prime?
True
Is 6687469 a composite number?
True
Is 141517757 a composite number?
True
Is 56584921 a prime number?
True
Is 6382433 a composite number?
False
Is 23532779 a prime number?
True
Is 2929229 composite?
True
Is 98871 a composite number?
True
Is 57867629 a prime number?
True
Is 61924979 a prime number?
True
Is 3650249 prime?
True
Is 2499079 prime?
False
Is 161854601 a composite number?
False
Is 156542279 a composite number?
False
Is 21992681 a prime number?
False
Is 372658049 composite?
False
Is 8104897 a composite number?
True
Is 17687351 composite?
True
Is 8370953 prime?
False
Is 1950681 a composite number?
True
Is 44481769 prime?
False
Is 1194407 prime?
True
Is 3975473 a prime number?
True
Is 9838339 prime?
False
Is 11957027 a composite number?
False
Is 47414383 a prime number?
False
Is 368314 a composite number?
True
Is 39988259 composite?
False
Is 20430251 prime?
True
Is 553411 composite?
False
Is 2236013 composite?
True
Is 33370951 a prime number?
True
Is 120626531 composite?
False
Is 46080185 prime?
False
Is 52127609 a prime number?
True
Is 4180661 a prime number?
False
Is 80323 prime?
False
Is 148935337 prime?
True
Is 57739421 composite?
False
Is 3229753 composite?
True
Is 166296773 a prime number?
False
Is 277741 a composite number?
False
Is 3164479 a prime number?
True
Is 5677663 prime?
True
Is 165761 a prime number?
False
Is 48037537 prime?
True
Is 871249 composite?
False
Is 259139 prime?
False
Is 4275254 a composite number?
True
Is 26633587 a prime number?
True
Is 656699 a prime number?
False
Is 1722839 a composite number?
False
Is 44173901 a prime number?
False
Is 4595249 composite?
True
Is 144848677 a composite number?
True
Is 45084749 composite?
False
Is 935713 prime?
False
Is 36726763 a composite number?
True
Is 70392559 composite?
True
Is 1128889 a composite number?
False
Is 635011 prime?
False
Is 176629 prime?
True
Is 17126581 a prime number?
False
Is 43556419 a composite number?
False
Is 9500917 composite?
False
Is 16711349 prime?
False
Is 27370139 prime?
True
Is 12263302 a composite number?
True
Is 111375659 composite?
False
Is 2516057 a composite number?
False
Is 1905646 a prime number?
False
Is 2357683 a composite number?
False
Is 625453351 a composite number?
False
Is 4798091 composite?
False
Is 34193287 a composite number?
True
Is 215777 composite?
True
Is 1601203 composite?
False
Is 105601 composite?
False
Is 41909239 composite?
False
Is 5251711 composite?
False
Is 98239399 composite?
False
Is 1496653 a prime number?
False
Is 6358013 a composite number?
False
Is 38791157 a prime number?
True
Is 66624917 a composite number?
False
Is 6530257 prime?
True
Is 142697 a prime number?
True
Is 20336353 prime?
True
Is 273373 a composite number?
True
Is 291031189 prime?
False
Is 322005833 a composite number?
True
Is 333948353 prime?
True
Is 279571 a composite number?
False
Is 31107949 a prime number?
True
Is 8554003 a composite number?
True
Is 2443663 a prime number?
False
Is 1931343 a prime number?
False
Is 22052561 composite?
True
Is 16785129 composite?
True
Is 785977697 prime?
True
Is 143899286 a prime number?
False
Is 239566081 prime?
True
Is 10830041 composite?
False
Is 28144519 prime?
False
Is 39637427 prime?
False
Is 30497833 composite?
False
Is 6193339 prime?
True
Is 1600631 prime?
True
Is 27806161 prime?
False
Is 636705791 composite?
True
Is 7257629 composite?
False
Is 395720071 a prime number?
True
Is 1233313 prime?
True
Is 11254111 prime?
False
Is 2721553 a prime number?
True
Is 106969091 a prime number?
True
Is 32570614 prime?
False
Is 49275257 prime?
False
Is 33447361 a prime number?
True
Is 15197579 a prime number?
True
Is 68787821 prime?
False
Is 1896058 prime?
False
Is 636133 a composite number?
False
Is 23690297 prime?
True
Is 3085133 composite?
True
Is 109914793 prime?
True
Is 89141029 prime?
False
Is 142208051 prime?
False
Is 32804411 a composite number?
False
Is 6698971 composite?
True
Is 26032951 a prime number?
False
Is 11288549 prime?
True
Is 486834983 prime?
True
Is 11683447 prime?
True
Is 5310847 a prime number?
False
Is 1109261 composite?
True
Is 14105447 a composite number?
True
Is 774913 a composite number?
True
Is 9602113 a prime number?
True
Is 520937 a composite number?
True
Is 413460737 prime?
False
Is 14868149 a prime number?
False
Is 47809781 prime?
False
Is 567839651 prime?
False
Is 8263523 a prime number?
True
Is 8480347 a prime number?
True
Is 8668781 a composite number?
True
Is 47558739 a prime number?
False
Is 26219947 a prime number?
False
Is 2145529 a composite number?
False
Is 2363709 a prime number?
False
Is 131751533 prime?
True
Is 59675633 a composite number?
False
Is 5087387 a prime number?
False
Is 172060039 prime?
True
Is 184205873 composite?
True
Is 56610273 composite?
True
Is 5126603 a prime number?
True
Is 2126183 prime?
False
Is 432629 prime?
False
Is 346229 prime?
False
Is 333071899 composite?
True
Is 19333733 a composite number?
False
Is 15984769 a composite number?
True
Is 10357847 prime?
True
Is 7739261 composite?
False
Is 4643443 composite?
True
Is 35368961 a composite number?
False
Is 6181573 a composite number?
False
Is 1723717 composite?
True
Is 10073621 a prime number?
False
Is 310598 a prime number?
False
Is 125830385 a prime number?
False
Is 273392981 prime?
True
Is 346308779 prime?
True
Is 12245221 composite?
True
Is 10790071 a composite number?
False
Is 19630929 composite?
True
Is 13857691 composite?
False
Is 40180691 a composite number?
False
Is 51897305 prime?
False
Is 9647769 a prime number?
False
Is 5357379 a prime number?
False
Is 30793207 a prime number?
True
Is 25154683 prime?
True
Is 1565549 composite?
False
Is 21512459 prime?
True
Is 27956359 a prime number?
True
Is 39436057 a composite number?
True
Is 92623 a composite number?
False
Is 1744927 a prime number?
True
Is 2522726 composite?
True
Is 73584529 prime?
True
Is 64727687 a composite number?
True
Is 34609069 composite?
True
Is 79531 composite?
False
Is 73872077 a prime number?
False
Is 2524453 a prime number?
True
Is 63848339 a prime number?
True
Is 8004869 a composite number?
False
Is 14429551 composite?
True
Is 28070737 a composite number?
False
Is 412345281 prime?
False
Is 175034407 a prime number?
False
Is 3820997 a prime number?
True
Is 62856029 a prime number?
False
Is 2097211 a composite number?
False
Is 85203409 a composite number?
False
Is 4911959 a prime number?
False
Is 718007 prime?
True
Is 2769241 a prime number?
True
Is 3142019 prime?
True
Is 203761 a composite number?
False
Is 1156301 a composite number?
True
Is 2398413 a composi